- (5 - 2)) + -6.
48
Evaluate (9 + -108 - -164) + -160.
-95
91 - ((142 - 128) + (-2 - 16) - -8)
87
Calculate -144 + 2 + (9 + 41 + -26 - 25) - -11.
-132
What is the value of (-37 - 83 - -26) + 69?
-25
What is the value of 12 + -14 + 14 - (-47 - -71)?
-12
Evaluate 124 - (71 - (2 + 30)).
85
What is the value of 100 + (-13 - 12) - 120?
-45
Evaluate -26 - (48 - 12) - -12 - -4.
-46
What is the value of 14 - (-21 + 7 + (19 - (59 - 18)))?
50
What is 42 + (-1 - 9) + 1 + (15 - 8)?
40
(4 - (-25 - -4)) + (-27 - -36) + -21 + 60
73
Evaluate -29 + (0 - -17) + -11 + 8 + -53 + 0.
-68
What is 1 + 22 + -7 + -2 + 7 - (-1981 + 1992)?
10
Calculate -68 + 2 + 69 - (-18 + -2).
23
Evaluate 22 + -2 + 11 + 262 + -268.
25
(-11 - 10) + 33 - -20
32
What is (-40 - (18 - 43 - -1)) + -10?
-26
What is the value of 36 - (-25 - (-28 - -17))?
50
8 - ((133 - 56) + -22)
-47
Calculate 11 - 47 - (-1285 + 1395).
-146
What is 80 + (52 - 49 - (-41 - -11))?
113
Calculate (2 - 19) + (106 - 107) + 61.
43
What is 85 + -96 + -106 + 184?
67
Calculate (-181 - 79 - -233) + 0 + -29.
-56
What is (4 - -7) + 2 + (156 - 156)?
13
Calculate 5 - 48 - (-77 - (-70 + 4)).
-32
Calculate (-45 - 1) + -15 + (25 - -18) + -45.
-63
Evaluate -12 + -15 + 6 + 34 - (20 + (-3 - -4)).
-8
What is the value of -13 - ((12 - 28 - 5) + 36) - 15?
-43
Calculate 18 - ((10 + -11 - -2) + -10).
27
What is 8 - ((1 - 1) + 14 + 5 + (-13 - -1))?
1
Calculate -36 - (-5 - -13) - (30 - 24 - -5).
-55
What is 864 + -726 - (14 - (-3 + 1 - 4))?
118
Evaluate 1 + -9 - (-57 - (81 - 116)).
14
Evaluate 4 - 1 - (97 - (18 + 36) - 23).
-17
Evaluate (-3 - -33) + -3 + 1277 + -1287.
17
What is the value of (1 - 0) + 65 + -57 - -16?
25
Calculate (-184 - -304) + -140 + -28 + 1.
-47
Calculate -34 + (-174 - -290) + 2 + 3.
87
Calculate -10 + (8 - 4) + 22 + -13 + (70 - -5).
78
Evaluate (-11 - -6) + -2 + 9 - (61 + (19 - 11)).
-67
Evaluate -93 + 3 - -5 - (16 + 0 - (108 + -91)).
-84
Calculate (-1 - -1) + -1780 + 1799 + (-123 - -2).
-102
What is 4 - (-18 - -12) - (-83 - -38)?
55
What is the value of -17 + -31 + 6 + 53?
11
1263 + -1304 + (-4 - -57)
12
Evaluate -437 + 388 - (-57 + -3).
11
What is (-44 - -1) + (25 - (-14 + 21 + 22))?
-47
Evaluate (2 - 2) + (0 - 0) - (-35 - (1 - 43)).
-7
What is (4 - (7 + -3) - 6) + (-10 - (13 - 11))?
-18
Calculate 0 + 60 + (-78 - -86) + (2 - 1) + -18.
51
Calculate (177 - 131) + (28 - 10).
64
What is (383 + -381 + (56 - 0) - -16) + -2 + 10?
82
Evaluate 1 + -10 + -1 - (21 - (95 + -34 + 26)).
56
(1 - -2) + (10 - 18) + 4 + (-16 - -29)
12
What is (35 + -200 - -142) + (-105 - (1 + -2))?
-127
What is the value of 38 + (-13 - (36 - 23)) + (4 - -3)?
19
What is -41 + (-41 - -116) - 90 - 21?
-77
Calculate -13 + 5 + 1 + (0 - 0) - 16.
-23
-45 + 1 + 3 + -2 - (1673 - 1678)
-38
(2 + 14 - 9) + (6 - (22 + -6 + 12))
-15
Evaluate -65 - ((10 + -11 - (-30 + 35)) + 9).
-68
Calculate 2 + (46 - (2 + 1 + -4)) + -775 + 769.
43
(21 - -30) + (-7 - (-23 + -1))
68
What is the value of -34 - (-30 + 16 + (-14 + 30 - 16))?
-20
Evaluate (8 - 142) + -2 - (-1025 + 991).
-102
(-7 + -103 - -7) + 21 - -25
-57
Evaluate -19 + 160 - 14 - (24 - (7 - -2)).
112
Evaluate 78 + -27 + -10 - (-17 - 13).
71
What is the value of -95 - (-13 - ((23 - 29) + -3 + 2))?
-89
What is (-3 - -1) + 51 - (39 + 50 - 82)?
42
What is the value of 23 + 1 + 16 + -39 + (4 - -6) + 21?
32
Evaluate 89 + -61 + -34 + -1 + -68.
-75
-91 - (-158 + 76) - ((0 - -4) + 0 + -5)
-8
What is the value of (11 + -6 - 11) + 3 + 1 + -33?
-35
What is 84 - (33 + -69 + 54)?
66
(1 - -25) + (43 - 17 - 44) + 16
24
What is the value of -2 - (-6 - (-5 - 6)) - -12 - 6 - 26?
-27
What is 18 - (173 + -183 + (-1 - -53))?
-24
What is the value of -5 - -46 - (1 + 13 - (2 - -8))?
37
What is -1 - -69 - (258 + -244)?
54
Calculate 1 + 53 + -86 + -29 + 101.
40
What is the value of (-9 - (12 + (-12 - (0 - (0 - 0))))) + -28?
-37
What is the value of -520 + 508 + (11 - -1)?
0
Evaluate -9 + 13 + -1 + -17 + (4 - 12).
-22
-252 + 194 + -6 + 82
18
What is the value of -50 + -10 + 44 - (1 + 3 + -78)?
58
What is (-3 - (76 - (-5 + 6)) - (19 + -29)) + 7?
-61
Evaluate -14 + (-1 - -7 - (28 + -28)) + 1 + -8.
-15
What is -6 - ((-6 - 7) + 19 + (-2 - 10)) - 7?
-7
(13 + 67 - (-13 - (9 + -14) - -7)) + -5
76
What is the value of (-234 - -155) + -2 + 58?
-23
Calculate -5 - -9 - 118 - ((27 - 37) + 5).
-109
What is the value of -3 - -1 - (11 - 10) - (18 - 18) - 94?
-97
What is the value of -10 - (24 + (4 - 24) + (0 - -5))?
-19
What is the value of 4 + 3 + -32 + 0 + 9?
-16
What is the value of 68 + -1 - ((-306 - -400) + -76)?
49
Evaluate -29 - (64 - 75 - (-1 + (-5 - 4))).
-28
What is -73 - (39 + -13 - (103 - 54))?
-50
-3 + 0 + (-9 - -1 - 0) + -132 + 172
29
73 + (2 - (0 + -4 + 12)) + 1 + 4
72
Calculate 112 - (0 - 24 - -247).
-111
What is (-17 + 24 - 22) + 26 + 6 + -46?
-29
Calculate 942 - 889 - (-21 + 4).
70
Calculate (-34 - 17) + 107 + -79.
-23
What is the value of -16 + -2 + -8 + 907 + -891?
-10
What is -68 - 2 - (420 + -443)?
-47
(18 - (34 + -25 + -25)) + 13
47
What is the value of 102 + -53 - (35 + -23)?
37
What is 25 - (40 - (153 - 74))?
64
What is -75 + 65 - ((-10 - 5) + 12)?
-7
Evaluate (18 - (2 + 13)) + 0 + 6 + -9.
0
Calculate -7 + (129 - 161) + 55 + 4.
20
16 + -33 + (0 - (6 + -9))
-14
(5 - (-20 + 52)) + (-8 - -44)
9
Calculate 24 + -18 - (14 + -13 - -8).
-3
Evaluate 68 - (7 + -16 + 18 + 2 + -8 - -5).
60
What is 12 - (6 + 17 + -11)?
0
(11 - (55 + -83)) + -23
16
Evaluate 70 + (-189 - -105 - 44).
-58
Evaluate (-1 + 10 - (61 - 49) - 4) + (-88 - -127).
32
Evaluate (114 - 60) + -13 + (-4 - -16).
53
Calculate -9 + -3 + 3 + 5 + 613 + -610.
-1
What is the value of -43 + 107 - 62 - -52?
54
Evaluate -152 + 36 + (-22 - -76).
-62
Evaluate -10 + 1 + 73 + (17 - 6) + -4 + 3.
74
What is (4 - 2) + 81 + -40 - 108?
-65
Calculate -34 - 1 - (51 + -9 - 59) - 74.
-92
-50 + 46 + 54 + -23
27
Evaluate 0 - ((14 - 4 - (-2 - -33)) + -8 + -2).
31
Calculate 0 + 55 - ((3 - -6) + 11 + -6 + -10).
51
Calculate 5 - (-2 - 46) - (0 - (3 - 11) - 15).
60
Calculate (-8 - (-8 - -116)) + (-247 - -256) - (12 - 0).
-119
Calculate -48 + (-8 - -10 - -13).
-33
Evaluate 14 - (4 - 8 - -7) - (-672 - -746).
-63
What is the value of -18 - 3 - ((-12 - -43) + -10)?
-42
-36 - (13 - 27) - (7 + 18)
-47
(-28 - 2) + -190 + 58 + 114
-48
Calculate -37 - (-11 + -16) - (0 - 6) - (61 - 37).
-28
Calculate (32 - (29 - 9)) + -36 - -10 - (-1 - 23).
10
Calculate (-14 - -4 - -17) + 26.
33
What is the value of -14 + 1 + 1 - (31 + (-95 - -39))?
13
What is 2 - -48 - ((-9 - (-52 + 36)) + 10)?
33
40 + (0 - -1) + (-272 - -195 - -90)
54
Calculate (-38 - -2 - -1) + 1956 + -1942.
-21
What is the value of (26 - 1) + (6 - -2) + 9 + -24?
18
Evaluate 1920 + -1920 - (-36 + -1).
37
What is 2 + -31 - (767 - 770)?
-26
Evaluate 16 + (-21 - (109 + -194 + (3 - -10))).
67
What is (-69 - -15 - -55) + -32?
-31
Evaluate 1698 + -1821 + -8 + 15.
-116
Evaluate 15 - 21 - 118 - (8 - (11 + 13)).
-108
What is the value of (27 - (-71 + 107)) + 65?
56
-101 + -88 + (150 - 11)
-50
What is 11 - (7 + 11 + -10) - (304 - 301)?
0
What is (-11 - -2 - -3 - 14) + -45?
-65
Calculate (28 - ((-25 - -7) + -38)) + -40.
44
Evaluate (-15 - (13 - -11)) + (31 - 24).
-32
Evaluate 19 - (6 + 12 + -4 + -9 + -1 + 5).
10
What is 1791 + -1745 - (29 - 2)?
19
Calculate (732 - 717 - (-1 - (2 - 98))) + -4.
-84
-1 - 0 - (-1 - (-23 + 37 + -26))
-12
Calculate (-781 - -802) + (-81 - -3) + -4.
-61
What is 40 + (-20 - -13 - 0)?
33
What is 50 + (-106 - (-31 - 12))?
-13
Evaluate 3 - 121 - (-60 - -4).
-62
Evaluate 48 + -1 + (-93 - 78) + 210.
86
What is -1 - -4 - (-68 + 26) - 122?
-77
(58 + -20 - 11) + -31 - (-56 - (-2 - 1))
49
What is -29 + 31 + -39 + 24 + 1 + -27?
-39
What is the value of (-6 - (10 + -14)) + 5 + (-11 - (-6 + -50))?
48
What is 0 + 10 + (-4 - -10 - -4) + -11?
9
What is the value of -1 + -72 + (1773 - 1728)?
-28
What is -15 + 28 - (-5 + 11 - (0 + 2))?
9
Evaluate 19 + (-58 - (14 + -32 + 29)).
-50
What is the value of -44 + (74 - 49) - -63 - 139?
-95
What is 13 - (-8 - ((-17 - -10) + -51))?
-37
Evaluate 71 + (-55 + 129 - 138).
7
What is 20 + -63 + (32 - (41 - 18))?
-34
-1106 + 1080 + (-25 - 2 - 3)
-56
Calculate 39 + (-20 - 37 - -56).
38
What is (-135 - 14) + 175 + -77 + 1?
-50
-51 - (-13 - (-12 - (-21 + 9)) - -8)
-46
What is the value of -1618 + 1567 - (4 - 144)?
89
What is the valu